[INFO] cloning repository https://github.com/alenzer/terra_coin_manager
[INFO] running `Command { std: "git" "-c" "credential.helper=" "-c" "credential.helper=/workspace/cargo-home/bin/git-credential-null" "clone" "--bare" "https://github.com/alenzer/terra_coin_manager" "/workspace/cache/git-repos/https%3A%2F%2Fgithub.com%2Falenzer%2Fterra_coin_manager", kill_on_drop: false }`
[INFO] [stderr] Cloning into bare repository '/workspace/cache/git-repos/https%3A%2F%2Fgithub.com%2Falenzer%2Fterra_coin_manager'...
[INFO] running `Command { std: "git" "rev-parse" "HEAD", kill_on_drop: false }`
[INFO] [stdout] be1c1ef2ebf1537def8aa4e677c01e03464c88c9
[INFO] checking alenzer/terra_coin_manager against master#9610dfe5a9a731ced1ea4923ecbd0c57fe367898 for beta-170-4
[INFO] running `Command { std: "git" "clone" "/workspace/cache/git-repos/https%3A%2F%2Fgithub.com%2Falenzer%2Fterra_coin_manager" "/workspace/builds/worker-7-tc1/source", kill_on_drop: false }`
[INFO] [stderr] Cloning into '/workspace/builds/worker-7-tc1/source'...
[INFO] [stderr] done.
[INFO] validating manifest of git repo https://github.com/alenzer/terra_coin_manager on toolchain 9610dfe5a9a731ced1ea4923ecbd0c57fe367898
[INFO] running `Command { std: CARGO_HOME="/workspace/cargo-home" RUSTUP_HOME="/workspace/rustup-home" "/workspace/cargo-home/bin/cargo" "+9610dfe5a9a731ced1ea4923ecbd0c57fe367898" "metadata" "--manifest-path" "Cargo.toml" "--no-deps", kill_on_drop: false }`
[INFO] removed /workspace/builds/worker-7-tc1/source/.cargo/config
[INFO] started tweaking git repo https://github.com/alenzer/terra_coin_manager
[INFO] finished tweaking git repo https://github.com/alenzer/terra_coin_manager
[INFO] tweaked toml for git repo https://github.com/alenzer/terra_coin_manager written to /workspace/builds/worker-7-tc1/source/Cargo.toml
[INFO] running `Command { std: CARGO_HOME="/workspace/cargo-home" RUSTUP_HOME="/workspace/rustup-home" __CARGO_TEST_CHANNEL_OVERRIDE_DO_NOT_USE_THIS="nightly" "/workspace/cargo-home/bin/cargo" "+9610dfe5a9a731ced1ea4923ecbd0c57fe367898" "generate-lockfile" "--manifest-path" "Cargo.toml" "-Zno-index-update", kill_on_drop: false }`
[INFO] running `Command { std: CARGO_HOME="/workspace/cargo-home" RUSTUP_HOME="/workspace/rustup-home" "/workspace/cargo-home/bin/cargo" "+9610dfe5a9a731ced1ea4923ecbd0c57fe367898" "fetch" "--manifest-path" "Cargo.toml", kill_on_drop: false }`
[INFO] running `Command { std: "docker" "create" "-v" "/var/lib/crater-agent-workspace/builds/worker-7-tc1/target:/opt/rustwide/target:rw,Z" "-v" "/var/lib/crater-agent-workspace/builds/worker-7-tc1/source:/opt/rustwide/workdir:ro,Z" "-v" "/var/lib/crater-agent-workspace/cargo-home:/opt/rustwide/cargo-home:ro,Z" "-v" "/var/lib/crater-agent-workspace/rustup-home:/opt/rustwide/rustup-home:ro,Z" "-e" "SOURCE_DIR=/opt/rustwide/workdir" "-e" "CARGO_TARGET_DIR=/opt/rustwide/target" "-e" "CARGO_HOME=/opt/rustwide/cargo-home" "-e" "RUSTUP_HOME=/opt/rustwide/rustup-home" "-w" "/opt/rustwide/workdir" "-m" "1610612736" "--user" "0:0" "--network" "none" "ghcr.io/rust-lang/crates-build-env/linux@sha256:19e73879b68f455e41552ea35293514db52ea292d993f571636dbffedb77a1ee" "/opt/rustwide/cargo-home/bin/cargo" "+9610dfe5a9a731ced1ea4923ecbd0c57fe367898" "metadata" "--no-deps" "--format-version=1", kill_on_drop: false }`
[INFO] [stdout] 0a9625cbf15e3a4ad10be00208da88b45520969095467deae3560f2733436389
[INFO] running `Command { std: "docker" "start" "-a" "0a9625cbf15e3a4ad10be00208da88b45520969095467deae3560f2733436389", kill_on_drop: false }`
[INFO] running `Command { std: "docker" "inspect" "0a9625cbf15e3a4ad10be00208da88b45520969095467deae3560f2733436389", kill_on_drop: false }`
[INFO] running `Command { std: "docker" "rm" "-f" "0a9625cbf15e3a4ad10be00208da88b45520969095467deae3560f2733436389", kill_on_drop: false }`
[INFO] [stdout] 0a9625cbf15e3a4ad10be00208da88b45520969095467deae3560f2733436389
[INFO] running `Command { std: "docker" "create" "-v" "/var/lib/crater-agent-workspace/builds/worker-7-tc1/target:/opt/rustwide/target:rw,Z" "-v" "/var/lib/crater-agent-workspace/builds/worker-7-tc1/source:/opt/rustwide/workdir:ro,Z" "-v" "/var/lib/crater-agent-workspace/cargo-home:/opt/rustwide/cargo-home:ro,Z" "-v" "/var/lib/crater-agent-workspace/rustup-home:/opt/rustwide/rustup-home:ro,Z" "-e" "SOURCE_DIR=/opt/rustwide/workdir" "-e" "CARGO_TARGET_DIR=/opt/rustwide/target" "-e" "CARGO_INCREMENTAL=0" "-e" "RUST_BACKTRACE=full" "-e" "RUSTFLAGS=--cap-lints=forbid" "-e" "RUSTDOCFLAGS=--cap-lints=forbid" "-e" "CARGO_HOME=/opt/rustwide/cargo-home" "-e" "RUSTUP_HOME=/opt/rustwide/rustup-home" "-w" "/opt/rustwide/workdir" "-m" "1610612736" "--user" "0:0" "--network" "none" "ghcr.io/rust-lang/crates-build-env/linux@sha256:19e73879b68f455e41552ea35293514db52ea292d993f571636dbffedb77a1ee" "/opt/rustwide/cargo-home/bin/cargo" "+9610dfe5a9a731ced1ea4923ecbd0c57fe367898" "check" "--frozen" "--all" "--all-targets" "--message-format=json", kill_on_drop: false }`
[INFO] [stdout] b60d91c2ed2bd36481b6c19425702cb1540f66463ae6467d87243e46856ea64d
[INFO] running `Command { std: "docker" "start" "-a" "b60d91c2ed2bd36481b6c19425702cb1540f66463ae6467d87243e46856ea64d", kill_on_drop: false }`
[INFO] [stderr]    Compiling proc-macro2 v1.0.59
[INFO] [stderr]    Compiling quote v1.0.28
[INFO] [stderr]    Compiling unicode-ident v1.0.9
[INFO] [stderr]    Compiling libc v0.2.144
[INFO] [stderr]    Compiling typenum v1.16.0
[INFO] [stderr]     Checking subtle v2.4.1
[INFO] [stderr]    Compiling serde v1.0.163
[INFO] [stderr]     Checking zeroize v1.4.3
[INFO] [stderr]     Checking const-oid v0.6.2
[INFO] [stderr]    Compiling syn v1.0.109
[INFO] [stderr]     Checking cpufeatures v0.2.7
[INFO] [stderr]     Checking byteorder v1.4.3
[INFO] [stderr]    Compiling generic-array v0.14.7
[INFO] [stderr]    Compiling serde_json v1.0.96
[INFO] [stderr]    Compiling thiserror v1.0.40
[INFO] [stderr]    Compiling crunchy v0.2.2
[INFO] [stderr]     Checking ryu v1.0.13
[INFO] [stderr]    Compiling schemars v0.8.12
[INFO] [stderr]     Checking itoa v1.0.6
[INFO] [stderr]     Checking der v0.4.5
[INFO] [stderr]     Checking dyn-clone v1.0.11
[INFO] [stderr]     Checking base64 v0.13.1
[INFO] [stderr]     Checking forward_ref v1.0.0
[INFO] [stderr]     Checking uint v0.9.5
[INFO] [stderr]     Checking spki v0.4.1
[INFO] [stderr]     Checking pkcs8 v0.7.6
[INFO] [stderr]     Checking getrandom v0.2.9
[INFO] [stderr]     Checking getrandom v0.1.16
[INFO] [stderr]    Compiling syn v2.0.18
[INFO] [stderr]     Checking rand_core v0.5.1
[INFO] [stderr]     Checking rand_core v0.6.4
[INFO] [stderr]     Checking ff v0.10.1
[INFO] [stderr]     Checking group v0.10.0
[INFO] [stderr]     Checking digest v0.9.0
[INFO] [stderr]     Checking block-buffer v0.9.0
[INFO] [stderr]     Checking crypto-mac v0.11.1
[INFO] [stderr]     Checking crypto-bigint v0.2.11
[INFO] [stderr]     Checking sha2 v0.9.9
[INFO] [stderr]     Checking signature v1.3.2
[INFO] [stderr]     Checking hmac v0.11.0
[INFO] [stderr]     Checking curve25519-dalek v3.2.0
[INFO] [stderr]     Checking elliptic-curve v0.10.6
[INFO] [stderr]     Checking ecdsa v0.12.4
[INFO] [stderr]     Checking k256 v0.9.6
[INFO] [stderr]    Compiling serde_derive v1.0.163
[INFO] [stderr]    Compiling thiserror-impl v1.0.40
[INFO] [stderr]    Compiling serde_derive_internals v0.26.0
[INFO] [stderr]    Compiling schemars_derive v0.8.12
[INFO] [stderr]    Compiling cosmwasm-derive v0.16.7
[INFO] [stderr]     Checking ed25519-zebra v2.2.0
[INFO] [stderr]     Checking serde-json-wasm v0.3.2
[INFO] [stderr]     Checking cosmwasm-crypto v0.16.7
[INFO] [stderr]     Checking cosmwasm-std v0.16.7
[INFO] [stderr]     Checking cosmwasm-schema v0.16.7
[INFO] [stderr]     Checking cw-storage-plus v0.8.1
[INFO] [stderr]     Checking cw0 v0.8.1
[INFO] [stderr]     Checking cw20 v0.8.1
[INFO] [stderr]     Checking cw2 v0.8.1
[INFO] [stderr]     Checking terra-coin-manager v0.1.0 (/opt/rustwide/workdir)
[INFO] [stdout] warning: unused import: `ProjectResponse`
[INFO] [stdout]   --> src/contract.rs:11:56
[INFO] [stdout]    |
[INFO] [stdout] 11 | use crate::msg::{ExecuteMsg, InstantiateMsg, QueryMsg, ProjectResponse};
[INFO] [stdout]    |                                                        ^^^^^^^^^^^^^^^
[INFO] [stdout]    |
[INFO] [stdout]    = note: `#[warn(unused_imports)]` on by default
[INFO] [stdout] 
[INFO] [stdout] 
[INFO] [stdout] warning: unused imports: `MOCK_CONTRACT_ADDR`, `MockQuerier`
[INFO] [stdout]    --> src/contract.rs:313:9
[INFO] [stdout]     |
[INFO] [stdout] 313 |         MOCK_CONTRACT_ADDR, MockQuerier};
[INFO] [stdout]     |         ^^^^^^^^^^^^^^^^^^  ^^^^^^^^^^^
[INFO] [stdout] 
[INFO] [stdout] 
[INFO] [stdout] warning: unused imports: `Addr`, `BankQuery`, `CosmosMsg`, `WasmMsg`
[INFO] [stdout]    --> src/contract.rs:314:37
[INFO] [stdout]     |
[INFO] [stdout] 314 |     use cosmwasm_std::{from_binary, Addr, CosmosMsg, WasmMsg,
[INFO] [stdout]     |                                     ^^^^  ^^^^^^^^^  ^^^^^^^
[INFO] [stdout] 315 |         BankQuery, BalanceResponse, Coin };
[INFO] [stdout]     |         ^^^^^^^^^
[INFO] [stdout] 
[INFO] [stdout] 
[INFO] [stdout] warning: unused import: `ProjectResponse`
[INFO] [stdout]   --> src/contract.rs:11:56
[INFO] [stdout]    |
[INFO] [stdout] 11 | use crate::msg::{ExecuteMsg, InstantiateMsg, QueryMsg, ProjectResponse};
[INFO] [stdout]    |                                                        ^^^^^^^^^^^^^^^
[INFO] [stdout]    |
[INFO] [stdout]    = note: `#[warn(unused_imports)]` on by default
[INFO] [stdout] 
[INFO] [stdout] 
[INFO] [stdout] error[E0559]: variant `msg::ExecuteMsg::AddProject` has no field named `project_id`
[INFO] [stdout]    --> src/contract.rs:331:13
[INFO] [stdout]     |
[INFO] [stdout] 331 |             project_id: Uint128::new(1),
[INFO] [stdout]     |             ^^^^^^^^^^ `msg::ExecuteMsg::AddProject` does not have this field
[INFO] [stdout]     |
[INFO] [stdout]     = note: available fields are: `project_name`, `project_wallet`, `project_collected`, `creator_wallet`, `project_website` ... and 4 others
[INFO] [stdout] 
[INFO] [stdout] 
[INFO] [stdout] error[E0559]: variant `msg::ExecuteMsg::AddProject` has no field named `project_id`
[INFO] [stdout]    --> src/contract.rs:340:13
[INFO] [stdout]     |
[INFO] [stdout] 340 |             project_id: Uint128::new(2),
[INFO] [stdout]     |             ^^^^^^^^^^ `msg::ExecuteMsg::AddProject` does not have this field
[INFO] [stdout]     |
[INFO] [stdout]     = note: available fields are: `project_name`, `project_wallet`, `project_collected`, `creator_wallet`, `project_website` ... and 4 others
[INFO] [stdout] 
[INFO] [stdout] 
[INFO] [stdout] error: aborting due to 2 previous errors; 3 warnings emitted
[INFO] [stdout] 
[INFO] [stdout] 
[INFO] [stdout] For more information about this error, try `rustc --explain E0559`.
[INFO] [stdout] 
[INFO] [stderr] error: could not compile `terra-coin-manager` (lib test) due to 3 previous errors; 3 warnings emitted
[INFO] [stderr] warning: build failed, waiting for other jobs to finish...
[INFO] [stdout] error[E0594]: cannot assign to `Prj.project_id`, which is behind a `&` reference
[INFO] [stdout]   --> src/state.rs:47:5
[INFO] [stdout]    |
[INFO] [stdout] 47 |     Prj.project_id = id.clone();
[INFO] [stdout]    |     ^^^^^^^^^^^^^^^^^^^^^^^^^^^ `Prj` is a `&` reference, so the data it refers to cannot be written
[INFO] [stdout]    |
[INFO] [stdout] help: consider changing this to be a mutable reference
[INFO] [stdout]    |
[INFO] [stdout] 39 | pub fn save_projectstate(deps: DepsMut, Prj: &mut ProjectState) 
[INFO] [stdout]    |                                               +++
[INFO] [stdout] 
[INFO] [stdout] 
[INFO] [stdout] error: aborting due to previous error; 1 warning emitted
[INFO] [stdout] 
[INFO] [stdout] 
[INFO] [stdout] For more information about this error, try `rustc --explain E0594`.
[INFO] [stdout] 
[INFO] [stderr] error: could not compile `terra-coin-manager` (lib) due to 2 previous errors; 1 warning emitted
[INFO] running `Command { std: "docker" "inspect" "b60d91c2ed2bd36481b6c19425702cb1540f66463ae6467d87243e46856ea64d", kill_on_drop: false }`
[INFO] running `Command { std: "docker" "rm" "-f" "b60d91c2ed2bd36481b6c19425702cb1540f66463ae6467d87243e46856ea64d", kill_on_drop: false }`
[INFO] [stdout] b60d91c2ed2bd36481b6c19425702cb1540f66463ae6467d87243e46856ea64d
